remainder when 2076972 is divided by 2853?
2841
Calculate the remainder when 733599 is divided by 366557.
485
What is the remainder when 5294051 is divided by 188?
159
What is the remainder when 140546 is divided by 13987?
676
Calculate the remainder when 16022086 is divided by 36.
34
Calculate the remainder when 258981964 is divided by 3398.
3394
What is the remainder when 153226 is divided by 25534?
22
Calculate the remainder when 1338646 is divided by 1110.
1096
What is the remainder when 611335 is divided by 611333?
2
What is the remainder when 24482586 is divided by 2333?
84
Calculate the remainder when 3336 is divided by 978.
402
Calculate the remainder when 1192836 is divided by 1082.
472
What is the remainder when 17899909 is divided by 295?
194
Calculate the remainder when 240734 is divided by 30055.
294
What is the remainder when 14989 is divided by 2939?
294
Calculate the remainder when 292660 is divided by 1072.
4
What is the remainder when 196163 is divided by 318?
275
What is the remainder when 14218076 is divided by 15?
11
What is the remainder when 11514804 is divided by 37025?
29
What is the remainder when 50873822 is divided by 63?
62
Calculate the remainder when 561457 is divided by 3743.
7
Calculate the remainder when 767945 is divided by 737.
728
What is the remainder when 1388471 is divided by 55?
51
What is the remainder when 1106155 is divided by 52?
11
Calculate the remainder when 6057322 is divided by 1128.
1090
Calculate the remainder when 3075921 is divided by 38935.
56
What is the remainder when 632377 is divided by 219?
124
What is the remainder when 210193 is divided by 126?
25
What is the remainder when 450840 is divided by 16697?
21
Calculate the remainder when 30371645 is divided by 79.
16
What is the remainder when 1333985 is divided by 27790?
65
Calculate the remainder when 34468 is divided by 34419.
49
What is the remainder when 106326 is divided by 17?
8
Calculate the remainder when 74402 is divided by 1691.
1689
What is the remainder when 54846 is divided by 27365?
116
Calculate the remainder when 559914 is divided by 14733.
60
What is the remainder when 727282 is divided by 20198?
154
What is the remainder when 286340 is divided by 5173?
1825
Calculate the remainder when 50292 is divided by 11635.
3752
What is the remainder when 544879 is divided by 1830?
1369
Calculate the remainder when 1409995 is divided by 5571.
532
What is the remainder when 53564 is divided by 15678?
6530
What is the remainder when 90610 is divided by 171?
151
Calculate the remainder when 41690 is divided by 39.
38
Calculate the remainder when 836602 is divided by 518.
32
Calculate the remainder when 513793 is divided by 102570.
943
What is the remainder when 963931 is divided by 192752?
171
What is the remainder when 34910 is divided by 507?
434
What is the remainder when 58836 is divided by 19543?
207
What is the remainder when 6572101 is divided by 8?
5
Calculate the remainder when 11062714 is divided by 3687562.
28
What is the remainder when 122830 is divided by 39514?
4288
Calculate the remainder when 6145051 is divided by 389.
18
Calculate the remainder when 43464 is divided by 10858.
32
What is the remainder when 101494 is divided by 726?
580
Calculate the remainder when 5556404 is divided by 322.
294
Calculate the remainder when 677631 is divided by 2361.
24
Calculate the remainder when 1168189 is divided by 146020.
29
What is the remainder when 15603054 is divided by 609?
474
What is the remainder when 4214405 is divided by 1404754?
143
Calculate the remainder when 28863152 is divided by 5772630.
2
Calculate the remainder when 63918681 is divided by 457.
376
Calculate the remainder when 594157 is divided by 230.
67
What is the remainder when 626002 is divided by 625995?
7
Calculate the remainder when 5948487 is divided by 364.
363
What is the remainder when 1541386 is divided by 513783?
37
What is the remainder when 258476 is divided by 1428?
8
What is the remainder when 21288302 is divided by 9?
8
What is the remainder when 258419 is divided by 2540?
1879
Calculate the remainder when 678257 is divided by 48.
17
What is the remainder when 28672 is divided by 164?
136
Calculate the remainder when 472213 is divided by 9080.
53
Calculate the remainder when 54567845 is divided by 18189277.
14
Calculate the remainder when 2758031 is divided by 2580.
11
What is the remainder when 2376190 is divided by 25?
15
Calculate the remainder when 111721939 is divided by 50.
39
Calculate the remainder when 169229 is divided by 536.
389
What is the remainder when 1486552 is divided by 1990?
22
What is the remainder when 6634960 is divided by 939?
925
Calculate the remainder when 2702658191 is divided by 2257.
2256
Calculate the remainder when 6986134 is divided by 6986126.
8
Calculate the remainder when 713248 is divided by 910.
718
Calculate the remainder when 1091072 is divided by 155865.
17
Calculate the remainder when 2778394 is divided by 239.
19
Calculate the remainder when 3998195 is divided by 168.
131
What is the remainder when 206475253 is divided by 40?
13
Calculate the remainder when 1934807 is divided by 163.
160
What is the remainder when 7283 is divided by 1213?
5
Calculate the remainder when 6240027 is divided by 16.
11
What is the remainder when 1530905 is divided by 510291?
32
What is the remainder when 13739963 is divided by 15667?
4
What is the remainder when 241836991 is divided by 1757?
1754
What is the remainder when 2800566 is divided by 611?
353
Calculate the remainder when 8764483 is divided by 39.
13
Calculate the remainder when 5221 is divided by 418.
205
What is the remainder when 287285 is divided by 57190?
1335
Calculate the remainder when 74015743 is divided by 37007860.
23
Calculate the remainder when 13429330 is divided by 185.
180
What is the remainder when 29727861 is divided by 1202?
1199
What is the remainder when 2213166 is divided by 65?
46
What is the remainder when 37877 is divided by 7456?
597
Calculate the remainder when 891364 is divided by 5124.
4912
What is the remainder when 11720 is divided by 318?
272
Calculate the remainder when 11299141 is divided by 194.
193
Calculate the remainder when 187585 is divided by 2064.
1825
What is the remainder when 8936278 is divided by 6?
4
What is the remainder when 69260 is divided by 71?
35
Calculate the remainder when 6053186 is divided by 7.
6
Calculate the remainder when 10830124 is divided by 313.
11
Calculate the remainder when 563454806 is divided by 3539.
3538
Calculate the remainder when 55030 is divided by 2492.
206
Calculate the remainder when 36280311 is divided by 21.
18
What is the remainder when 13987776 is divided by 1705?
1661
What is the remainder when 2880984 is divided by 94?
72
What is the remainder when 111179 is divided by 4631?
35
Calculate the remainder when 1840551 is divided by 1165.
1016
What is the remainder when 893745 is divided by 327?
54
Calculate the remainder when 22348941 is divided by 79.
78
Calculate the remainder when 246066181 is divided by 290.
21
What is the remainder when 257784 is divided by 569?
27
What is the remainder when 4985198 is divided by 20101?
150
What is the remainder when 148298907 is divided by 302?
297
What is the remainder when 684425 is divided by 4656?
4649
Calculate the remainder when 145697 is divided by 23507.
4655
Calculate the remainder when 173711 is divided by 2015.
421
What is the remainder when 99617085 is divided by 126?
99
Calculate the remainder when 1218019 is divided by 193.
189
What is the remainder when 2593038 is divided by 864315?
93
Calculate the remainder when 19246282 is divided by 3849255.
7
Calculate the remainder when 878847 is divided by 292365.
1752
Calculate the remainder when 17178 is divided by 17124.
54
Calculate the remainder when 36867040 is divided by 115.
110
Calculate the remainder when 31913 is divided by 943.
794
Calculate the remainder when 1795613 is divided by 64129.
1
Calculate the remainder when 54140 is divided by 7727.
51
What is the remainder when 18698 is divided by 1858?
118
Calculate the remainder when 2946720 is divided by 446.
444
What is the remainder when 168751 is divided by 878?
175
What is the remainder when 6962520 is divided by 113?
2